-204
In base 7, what is 5 + 3103?
3111
In base 4, what is 2 + 310?
312
In base 12, what is 3 - 65?
-62
In base 13, what is c76 - 1?
c75
In base 6, what is -2501 - 0?
-2501
In base 10, what is 1351 - -3?
1354
In base 13, what is 62a3 - -5?
62a8
In base 12, what is 7 - 253?
-248
In base 10, what is 4082 + 5?
4087
In base 6, what is -134 - 12?
-150
In base 2, what is 1000000010110 - 11?
1000000010011
In base 2, what is 11 + 101?
1000
In base 8, what is 3 + 30?
33
In base 3, what is -21012 - -12?
-21000
In base 2, what is -11 - 1001010?
-1001101
In base 7, what is 45 - 43?
2
In base 15, what is 0 - 23b?
-23b
In base 3, what is -10020 - 12?
-10102
In base 13, what is -bb - -16?
-a5
In base 8, what is -503 + -6?
-511
In base 7, what is -54 - 3?
-60
In base 14, what is -84 - 2?
-86
In base 13, what is -84 + a?
-77
In base 2, what is 11 + 1010100101?
1010101000
In base 13, what is 249b - -4?
24a2
In base 10, what is 60 - 5?
55
In base 2, what is -10 + 100000?
11110
In base 6, what is -22 + 33?
11
In base 15, what is -1b + 1?
-1a
In base 6, what is -5 - -323?
314
In base 13, what is 16 + 77?
90
In base 10, what is 127 + 47?
174
In base 13, what is -27 - -4a?
23
In base 16, what is 4 + -26?
-22
In base 15, what is -2 + 41?
3e
In base 3, what is -12 - 101?
-120
In base 11, what is -175 - -1?
-174
In base 14, what is -5 - -b7?
b2
In base 13, what is -7 + 70?
66
In base 11, what is 42 - -111?
153
In base 16, what is -1cc + 4?
-1c8
In base 8, what is 3 - -47?
52
In base 15, what is b + -b?
0
In base 7, what is -5 - -13?
5
In base 8, what is -4 - -57?
53
In base 7, what is -1 - 413?
-414
In base 5, what is -221 - 1443?
-2214
In base 9, what is -2758 - 2?
-2761
In base 12, what is 3 - a0?
-99
In base 4, what is 11 + -323?
-312
In base 10, what is 5341 + -4?
5337
In base 10, what is -121 + 0?
-121
In base 7, what is 53 + -21?
32
In base 16, what is ae7 - -1?
ae8
In base 12, what is -89b + 6?
-895
In base 11, what is 3 - -89a?
8a2
In base 11, what is 37607 - 5?
37602
In base 3, what is 1011 - -110?
1121
In base 3, what is -1120 + 110?
-1010
In base 11, what is -3 + 501?
4a9
In base 6, what is -3 + -13032?
-13035
In base 6, what is 20 - 4140?
-4120
In base 8, what is -1111 - 4?
-1115
In base 15, what is 761 - -3?
764
In base 10, what is -7 + -21?
-28
In base 7, what is 21 + -26?
-5
In base 2, what is -1011000 - 1?
-1011001
In base 8, what is -1746 - 0?
-1746
In base 8, what is 1704 - -1?
1705
In base 12, what is 1 - -22?
23
In base 8, what is 1502 - 7?
1473
In base 6, what is 1 + 1105?
1110
In base 14, what is 88 - 0?
88
In base 5, what is 1320 - -1?
1321
In base 7, what is 35 - -56?
124
In base 8, what is -10 - 1012?
-1022
In base 13, what is 5c9 + 5?
601
In base 4, what is 111312 - 10?
111302
In base 10, what is 3 - -286?
289
In base 16, what is -41 + -d?
-4e
In base 11, what is 5 - 128?
-123
In base 9, what is -47 - 0?
-47
In base 12, what is 150 - 14?
138
In base 8, what is 13 + -276?
-263
In base 14, what is -1 - 4a?
-4b
In base 16, what is 9 + 29f?
2a8
In base 3, what is -10 - 102?
-112
In base 5, what is 21412 - -10?
21422
In base 4, what is 322 - 1030?
-102
In base 11, what is -193a + 0?
-193a
In base 7, what is 56 - 10?
46
In base 4, what is -1013 - 122?
-1201
In base 16, what is 4d - -5?
52
In base 4, what is 2110 - 11?
2033
In base 13, what is -59 + c?
-4a
In base 10, what is 1386 + 3?
1389
In base 12, what is 866 + a?
874
In base 2, what is 1010000011 - -101?
1010001000
In base 16, what is -11 - 1df?
-1f0
In base 16, what is 5 - 36?
-31
In base 11, what is 7a - a?
70
In base 2, what is -1001000 + 100010?
-100110
In base 11, what is 25 - 3?
22
In base 15, what is -8a - -3?
-87
In base 6, what is -1 - -5053?
5052
In base 16, what is -18a1 - -4?
-189d
In base 8, what is 467 + 1?
470
In base 11, what is 9 - -57?
65
In base 7, what is 123 - -11?
134
In base 7, what is 2 - -23?
25
In base 15, what is 33 - -7?
3a
In base 10, what is 52 - -47?
99
In base 4, what is -2 + -2113?
-2121
In base 11, what is 5 - 4a?
-45
In base 3, what is -112110 + 11?
-112022
In base 4, what is 10 - -2013?
2023
In base 6, what is -5 - 34?
-43
In base 8, what is -4 + 1031?
1025
In base 2, what is -100111 + 101?
-100010
In base 4, what is 11 + -132130?
-132113
In base 3, what is -2122221 - -10?
-2122211
In base 7, what is 32 + -334?
-302
In base 9, what is 1 - -35?
36
In base 8, what is 10 + -1567?
-1557
In base 9, what is 116 + -10?
106
In base 3, what is 12 + 10102220?
10110002
In base 15, what is 18b - 0?
18b
In base 10, what is -8 + -253?
-261
In base 4, what is 20112 - -2?
20120
In base 10, what is -14200 + -4?
-14204
In base 12, what is 84 - 3?
81
In base 16, what is -46 + 9?
-3d
In base 9, what is 12 + -5?
6
In base 8, what is -100 + -154?
-254
In base 13, what is -39 - -1?
-38
In base 9, what is 21 + -31?
-10
In base 8, what is -3 + -215?
-220
In base 4, what is 2 - -122300?
122302
In base 11, what is 1213 - 2?
1211
In base 16, what is f + -aa?
-9b
In base 5, what is 41 - -2?
43
In base 11, what is -8a - 1?
-90
In base 3, what is 222022 - 10?
222012
In base 16, what is -109 + d?
-fc
In base 10, what is -9544 - -2?
-9542
In base 2, what is -10111 - 1111?
-100110
In base 15, what is -2785 + 3?
-2782
In base 16, what is 0 - -325?
325
In base 10, what is 7 + 17?
24
In base 8, what is -156 - 14?
-172
In base 14, what is -6 - 4a?
-52
In base 4, what is -10 + -13030?
-13100
In base 15, what is 12 - 1?
11
In base 9, what is -11 - 0?
-11
In base 16, what is -4b34 - 2?
-4b36
In base 14, what is -5 + -37?
-3c
In base 12, what is 30 + 35?
65
In base 12, what is -46 + -51?
-97
In base 2, what is -11011101101 - 0?
-11011101101
In base 3, what is 1011010 - -12?
1011022
In base 2, what is -110010011 - 100?
-110010111
In base 10, what is -2 - -59?
57
In base 5, what is 20 + -341?
-321
In base 12, what is 4 + 3?
7
In base 12, what is 2 - 92?
-90
In base 11, what is 6 + 13?
19
In base 9, what is -3 - -1783?
1780
In base 10, what is 1906 - -1?
1907
In base 12, what is 14 + 9?
21
In base 14, what is -7 + a?
3
In base 16, what is -24 - -3e?
1a
In base 8, what is 1 - 1065?
-1064
In base 10, what is -231 - -3?
-228
In base 5, what is 121 + -234?
-113
In base 6, what is 3 - 340?
-333
In base 3, what is 10 - 1211002?
-1210222
In base 6, what is 33 - 3212?
-3135
In base 4, what is 12000 + -3?
11331
In base 12, what is 3 - -1a?
21
In base 10, what is 0 - 53?
-53
In base 8, what is 5 - 4434?
-4427
In base 3, what is -11 + 20101?
20020
In base 14, what is 2 - -a?
c
In base 2, what is -1110101110 + 0?
-1110101110
In base 15, what is b2 - 0?
b2
In base 14, what is 7 - -2?
9
In base 3, what is -12 + -2120?
-2202
In base 4, what is 11 - -2123?
2200
In base 5, what is -31 + 11?
-20
In base 7, what is -5 + 13?
5
In base 6, what is -35 + -5?
-44
In base 11, what is -129 - -16?
-113
In base 8, what is 16 + -14?
2
In base 16, what is -4 + 72e?
72a
In base 12, what is 48 - -11b?
167
In base 10, what is -5 - -17?
12
In base 8, what is 225 + 10?
235
In base 14, what is 4 - -2dd?
303
In base 2, what is 1010 - -1100?
10110
In base 9, what is 1066 - 0?
1066
In base 9, what is -8 + -15?
-24
In base 14, what is 5 - -a5?
aa
In base 11, what is -4 - 29?
-32
In base 14, what is -17 + 0?
-17
In base 15, what is -a - 1e?
-29
In base 2, what is -10101 - 10000010?
-10010111
In base 5, what is 2 + 410?
412
In base 11, what is 80 - 30?
50
In base 10, what is 2168 + 5?
2173
In base 6, what is 14310 + 1?
14311
In base 10, what is 116 + 0?
116
In base 15, what is -45a7 - 4?
-45ab
In base 10, what is 73 - -9?
82
In base 9, what is -11066 - 2?
-11068
In base 9, what is 4 + -14?
-10
In base 6, what is 5 - -1052?
1101
In base 9, what is 6531 + 3?
6534
In base 9, what is 1 + -1?
0
In base 16, what is 72 + 14?
86
In base 12, what is -3 - -37?
34
In base 6, what is 2 + 131?
133
In base 2, what is -1010000011 + 10?
-1010000001
In base 4, what is -3210211 + -3?
-3210220
In base 13, what is -44 - 100?
-144
In base 13, what is -125 - -5?
-120
In base 3, what is 0 + 2?
2
In base 8, what is 5 + -3?
2
In base 8, what is 75 - -14?
111
In base 3, what is 100 + 122?
222
In base 14, what is 85c - 4?
858
In base 13, what is 273a - -4?
2741
In base 8, what is 40 - 5?
33
In base 5, what is -31 + 10?
-21
In base 10, what is -19 - 0?
-19
In base 11,